0. What is the tens digit of q - (-2)/((-4)/(-178))?
9
Suppose 5*w - 169 - 420 = 3*t, -2*w - 2*t = -226. Let s = w + 11. What is the hundreds digit of s?
1
Suppose -4*m + 10 = -2*v, 0 = -2*m - v - 3*v + 30. Suppose -6*y + m*y + 4 = 0, 376 = 4*i - 2*y. What is the units digit of i?
6
Suppose 0 = 7*w - 6691 - 13168. What is the thousands digit of w?
2
Let m = -3192 - -4894. What is the units digit of m?
2
Suppose -5*j - 2*y = -12, -3*j + j + 7 = 3*y. Let a(p) = 2*p - j*p + p + 5 - 3*p. What is the units digit of a(-8)?
1
Let k = 194 - 98. Let r be -7*(-4 + k/28). Suppose -2*x + x = -r*i, 4*i - 60 = -2*x. What is the tens digit of x?
2
Let v(f) = f**3 + 9 + 14*f - 3 - 5*f**2 - 2 - 4*f**2. What is the units digit of v(7)?
4
Suppose -4*c = y + 27, 0*y - 20 = 3*c + y. Let o(j) = 3*j**3 + 2*j**2 + 3*j. Let l be o(-2). Let k = c - l. What is the units digit of k?
5
Suppose 0 = 4*h - 8*h + 4. Let d be (-9 + 1/h)*-1. Let m = d + 0. What is the units digit of m?
8
Let h(z) = -40*z - 2. Let y be h(-2). Suppose -5 = -5*w, -3*b + 0*w = w - 97. Suppose 0 = 5*j - y - b. What is the tens digit of j?
2
Suppose 0 = 54*q - 121441 + 26023. What is the units digit of q?
7
Let c = 6 - 4. Suppose 2 = h, -2*v = 2*h + 2*h - 14. Suppose -a = -3*b - v*a + 22, 5*a = c*b - 40. What is the tens digit of b?
1
Let a(g) = 16*g + 3 + 1 - 1 - 1. Let c be a(-1). Let z = 17 - c. What is the units digit of z?
1
Let u be ((-8)/(-18))/(6/27). Suppose -7*t = -u*t + 2*i - 411, i - 164 = -2*t. What is the units digit of t?
3
Suppose 8*h = 4253 + 7763. What is the hundreds digit of h?
5
Let f(d) = -d**3 - 10*d**2 + 2*d - 5. Let n(m) = m**2 - m - 1. Let b(t) = -f(t) - 3*n(t). Let s = 5 + -12. What is the units digit of b(s)?
1
Let z be 20 + (-8)/(4*-1). Let o = z + -19. Suppose 0*n - 7 = -2*n + v, -17 = -4*n + o*v. What is the units digit of n?
2
Let f = 34 - 19. Let o be 3/f + 998/10. Suppose -26 = -3*h + o. What is the units digit of h?
2
Suppose -a - 3*p - 179 = -1111, p + 4724 = 5*a. What is the hundreds digit of a?
9
Let b = -250 - -351. What is the hundreds digit of b?
1
Let f = -311 + 857. What is the units digit of f?
6
Let j be 27/(-6)*4/(-3). Suppose 31 = p - j. What is the units digit of p?
7
Suppose -16 = 5*r - 6. Let x = r - -5. Suppose -j + 3*b + 20 = 0, 4*j - b = x*b + 80. What is the units digit of j?
0
Let f be (-206)/(-4) - 4/8. Suppose 167 = 4*k + f. Let t = k - 17. What is the tens digit of t?
1
Let s(n) = -4*n**2 + 2*n + 1. Let c be s(-1). Suppose 129*d = 128*d + 24. What is the tens digit of (-212)/c - d/60?
4
What is the tens digit of 3 + 4 + (47 - 1)?
5
Let q be ((-5)/(-10))/((-2)/4). Let c(l) = 136*l**2 + 3*l + 2. What is the tens digit of c(q)?
3
Let h(b) = -784*b - 5. Let g be h(2). What is the tens digit of g/(-33) + (-2)/(-6)?
4
Let i = -11 - -7. Let w = 10 + i. Let j(r) = r**3 - 4*r**2 - 6*r - 5. What is the units digit of j(w)?
1
Let o = -266 + 479. What is the units digit of (-9)/27*o*(1 - 2)?
1
Suppose 0 = -3*c + 3, -3*c - 2*c + 13 = 4*t. Suppose -d = -5*g - 20 - 10, -t*d + 108 = 2*g. What is the units digit of d?
0
Suppose 17*d - d - 2816 = 0. What is the tens digit of d?
7
Suppose -3*w - 844 = -d, d - 4*w - 846 = -2*w. What is the hundreds digit of d?
8
Let n = -14 - -19. Let l be (4/n)/(6/(-105)). Let h(g) = -g + 2. What is the units digit of h(l)?
6
Let j(b) = -b + 11. Let x(r) = -r + 4. Let z be x(9). What is the tens digit of j(z)?
1
Suppose -8041 = -h - 10*h. What is the tens digit of h?
3
Suppose 102 + 15 = 3*v. Suppose -2*l + l + 25 = -3*a, -2*l - 5*a = -v. What is the units digit of l?
2
Suppose 306 = -10*x - 7*x. What is the tens digit of (-27)/x - (-86)/4*1?
2
Let z = 13 + 2. Let j(n) = -n**3 + 15*n**2 + 7*n - 36. What is the units digit of j(z)?
9
Suppose 0 = -5*a + 237 + 23. Let i = 43 + a. What is the tens digit of i?
9
Let p(y) = 91*y + 36. What is the units digit of p(10)?
6
Let r = 1276 + -1016. What is the units digit of r?
0
Let y(u) = -u**3 + 3*u**2 + 23*u - 8. Let x be y(9). Let w = -176 - x. What is the hundreds digit of w?
1
Suppose 5*m = 2*u + 375, -2*m + 0*m = -2*u - 144. Let r = m + -32. Let k = -20 + r. What is the units digit of k?
5
Let h = 112 + 542. What is the units digit of h?
4
What is the tens digit of (-208)/(-5) - 276/(-690)?
4
Let m(y) be the first derivative of y**3/3 - y**2/2 - 2. What is the units digit of m(-4)?
0
Let w be (157 - (-12)/(-3)) + -1. Suppose h = 5*h - w. Let x = -33 + h. What is the units digit of x?
5
Suppose 5*y - u - 58 = 0, 0*y + 3*y = -2*u + 40. Let d(t) = t**3 + y + 2*t + 7*t - 6*t**2 - 6*t**2 + 2*t**2. What is the tens digit of d(9)?
1
Suppose 60*a = 68*a - 2112. Suppose -7*g = -g - a. What is the units digit of g?
4
Let o = 22 - 17. Suppose -o*p + 3*h = -492, p - 5*p + 395 = -h. What is the units digit of p?
9
Let j = -51 - -58. Suppose -j*r + 528 = -557. What is the units digit of r?
5
Let u(z) = -z**2 + 15*z + 18. Let v be u(13). Suppose j + 4*f - 26 = -0*f, 0 = 5*j - f - 151. Let b = v - j. What is the tens digit of b?
1
Let r = -944 - -1101. What is the tens digit of r?
5
Suppose 3*g + 285 = -0*g. Let x = -52 - g. Let h = 64 - x. What is the units digit of h?
1
Let a = 9 + -5. Suppose 0 = -0*x + a*x - 8. Suppose 5 = -z + x*z. What is the units digit of z?
5
Let f = -48 + 84. Let r be f - 1 - 0/4. Let a = r + -8. What is the units digit of a?
7
Let b = 8 + -5. Suppose -4*t - 4 = 0, -4*t - 9 + b = -p. Suppose -60 = -2*a - 3*k, 3*k = -2*a + p*k + 60. What is the units digit of a?
0
Let y = 135 - -56. Let j = -94 + y. Let s = -49 + j. What is the units digit of s?
8
Let i(t) = -t**3 + 9*t**2 + 11*t - 9. Let l be i(10). Suppose o = -l - 0. What is the units digit of (-2 + -8)/o - -2?
2
Let m(x) be the first derivative of -x**4/4 + 5*x**3 - 11*x**2/2 - 6*x - 6. Let r be m(14). What is the units digit of r/(-14)*(-19 + 5)?
6
Let h = 3 - -2. Suppose 0 = 6*w - 1 - h. Let r(m) = 23*m + 1. What is the units digit of r(w)?
4
Let l be 4 - (55 - -3)/(-2). Let q = -31 + l. Suppose -4*k + 224 = -z, -q*k + 4*z + 98 = -0*k. What is the tens digit of k?
5
Let x be (-4 - -13) + -3 - 0. Suppose r + 65 = x*r. Suppose -5*g + r - 3 = 0. What is the units digit of g?
2
Suppose -2*d = 358 - 5058. What is the hundreds digit of d?
3
Let c = -46 - -52. Suppose 4*v + 2 = c. What is the units digit of v?
1
Let u = 587 - 546. What is the tens digit of u?
4
Let a(k) = -40*k + 17. Let o(c) = -39*c + 18. Let b(t) = -7*a(t) + 6*o(t). What is the tens digit of b(2)?
8
Suppose 0 = -2*l - 4*b + 292, -2*l + 0*b + 282 = -b. Let w = -100 + l. What is the units digit of w?
2
Let g(y) be the third derivative of -y**6/120 + 7*y**5/60 - y**4/4 - y**2. Let h be g(4). Let p = h - 17. What is the units digit of p?
7
Let b(p) = -2*p**2 + 3. Let c be b(-3). Let w = c - -15. Let q(z) = -z + 13. What is the units digit of q(w)?
3
Let w(y) = 24*y**3 - 2*y**2 + y + 6. Let c be 39/26*4/3. What is the units digit of w(c)?
2
What is the tens digit of 107 + 3*(-7)/(-3)?
1
Let l(t) = 2*t**3 - t**2 + 2*t - 9. Let v = 35 + -35. Let y be l(v). Let q = -4 - y. What is the units digit of q?
5
Suppose v - 2*v + 149 = 0. Suppose -253 = -6*f + v. What is the units digit of f?
7
Suppose -q + 2 = -1. Suppose 33 = 4*f - 5*k, q*k = -2*f - 0*k - 11. Suppose f*n + 2*o + 0*o - 48 = 0, -4*n = -3*o - 124. What is the units digit of n?
8
Let m(z) = z**3 + 6*z**2 - 6. Let l be m(-6). Let b be 1 - -110 - l/(-6). What is the units digit of b/2*(15 + -14)?
5
Let c = 123 - 106. Suppose -1 = n - 4. Let v = n + c. What is the tens digit of v?
2
Suppose -276 - 2204 = -j. Suppose -5*q = -5*z + 4*z - 98, -q = 4*z + 350. What is the tens digit of 2/(-11) - j/z?
2
Suppose 114 = -5*n - 126. Let m = 74 + n. What is the units digit of m?
6
Suppose -5*y + 10 = 2*i, y + i = 6*y - 10. What is the units digit of y - (-20)/8*62/1?
7
What is the thousands digit of ((-273)/(-156))/(2/1376)?
1
Suppose 0 = 4*h + h - 50. Let d(z) = z**3 - 9*z**2 - 10*z + 4. Let k be d(h). Suppose -1 + 29 = k*x. What is the units digit of x?
7
Let q = -1990 - -3629. What is the thousands digit of q?
1
Let y be (-9)/(-12)*(-16)/(-3). Suppose -10 = y*x - 750. What is the tens digit of x?
8
Suppose 2*x + 5 - 3 = 4*y, 23 = 4*y + 5*x. Let a(i) = 7*i**2 + 3*i + 2. What is the units digit of a(y)?
6
Let k(o) 